 divided by 253.
118
What is the remainder when 2798 is divided by 318?
254
Calculate the remainder when 6432 is divided by 14.
6
Calculate the remainder when 47611 is divided by 15869.
4
Calculate the remainder when 1093 is divided by 352.
37
What is the remainder when 596 is divided by 183?
47
What is the remainder when 12205 is divided by 12152?
53
Calculate the remainder when 6584 is divided by 348.
320
What is the remainder when 29987 is divided by 7496?
3
What is the remainder when 1150 is divided by 80?
30
What is the remainder when 83159 is divided by 24?
23
What is the remainder when 12863 is divided by 222?
209
Calculate the remainder when 81872 is divided by 5458.
2
What is the remainder when 34429 is divided by 99?
76
Calculate the remainder when 44458 is divided by 22218.
22
What is the remainder when 17995 is divided by 127?
88
What is the remainder when 35960 is divided by 1107?
536
Calculate the remainder when 154919 is divided by 71.
68
What is the remainder when 58431 is divided by 43?
37
Calculate the remainder when 32729 is divided by 372.
365
What is the remainder when 1535 is divided by 830?
705
What is the remainder when 3667 is divided by 1468?
731
Calculate the remainder when 69584 is divided by 7.
4
What is the remainder when 823 is divided by 388?
47
Calculate the remainder when 1963 is divided by 252.
199
Calculate the remainder when 7947967 is divided by 1099.
1098
Calculate the remainder when 2104 is divided by 269.
221
Calculate the remainder when 301498 is divided by 33.
10
Calculate the remainder when 15181 is divided by 83.
75
What is the remainder when 14240 is divided by 4?
0
Calculate the remainder when 20530 is divided by 108.
10
What is the remainder when 45735 is divided by 50?
35
What is the remainder when 3817 is divided by 38?
17
Calculate the remainder when 74139 is divided by 74134.
5
Calculate the remainder when 34125 is divided by 455.
0
What is the remainder when 42215 is divided by 24?
23
Calculate the remainder when 68334 is divided by 1085.
1064
What is the remainder when 2200237 is divided by 20?
17
Calculate the remainder when 28854 is divided by 34.
22
What is the remainder when 3734 is divided by 48?
38
Calculate the remainder when 7694 is divided by 868.
750
What is the remainder when 22511 is divided by 14?
13
Calculate the remainder when 10924 is divided by 5429.
66
What is the remainder when 18288 is divided by 6090?
18
What is the remainder when 13705 is divided by 4562?
19
Calculate the remainder when 4657 is divided by 253.
103
Calculate the remainder when 638219 is divided by 19.
9
What is the remainder when 21401 is divided by 112?
9
What is the remainder when 12817 is divided by 312?
25
Calculate the remainder when 370577 is divided by 78.
77
What is the remainder when 2705 is divided by 12?
5
What is the remainder when 6550 is divided by 165?
115
Calculate the remainder when 3297 is divided by 10.
7
What is the remainder when 96644 is divided by 96634?
10
What is the remainder when 162442 is divided by 90?
82
What is the remainder when 3216 is divided by 61?
44
What is the remainder when 5724 is divided by 113?
74
What is the remainder when 6554 is divided by 82?
76
What is the remainder when 1999 is divided by 1972?
27
Calculate the remainder when 1345989 is divided by 6063.
3
Calculate the remainder when 37259 is divided by 525.
509
Calculate the remainder when 2070 is divided by 431.
346
Calculate the remainder when 8108 is divided by 843.
521
Calculate the remainder when 3990 is divided by 1537.
916
What is the remainder when 54132 is divided by 67?
63
What is the remainder when 2575107 is divided by 168?
3
Calculate the remainder when 97271 is divided by 53.
16
What is the remainder when 2257 is divided by 722?
91
Calculate the remainder when 10953 is divided by 203.
194
Calculate the remainder when 107086 is divided by 153.
139
What is the remainder when 48596 is divided by 612?
248
What is the remainder when 194965 is divided by 22?
1
What is the remainder when 30780 is divided by 540?
0
What is the remainder when 21555 is divided by 2694?
3
Calculate the remainder when 690067 is divided by 57505.
7
Calculate the remainder when 84023 is divided by 12002.
9
Calculate the remainder when 39062 is divided by 1028.
1026
Calculate the remainder when 1754 is divided by 920.
834
What is the remainder when 656483 is divided by 403?
399
Calculate the remainder when 436558 is divided by 30.
28
What is the remainder when 1947 is divided by 373?
82
Calculate the remainder when 26174 is divided by 203.
190
Calculate the remainder when 9447 is divided by 169.
152
What is the remainder when 19124 is divided by 1912?
4
Calculate the remainder when 96931 is divided by 24230.
11
Calculate the remainder when 53182 is divided by 950.
932
Calculate the remainder when 5461 is divided by 1088.
21
Calculate the remainder when 19142 is divided by 303.
53
Calculate the remainder when 20375 is divided by 394.
281
What is the remainder when 15439 is divided by 309?
298
What is the remainder when 396250 is divided by 238?
218
Calculate the remainder when 4165 is divided by 1151.
712
What is the remainder when 44509 is divided by 73?
52
What is the remainder when 11175 is divided by 5543?
89
Calculate the remainder when 4950 is divided by 1593.
171
What is the remainder when 638 is divided by 172?
122
What is the remainder when 19431 is divided by 1932?
111
Calculate the remainder when 2431 is divided by 1021.
389
What is the remainder when 4340 is divided by 638?
512
Calculate the remainder when 212 is divided by 57.
41
What is the remainder when 280899 is divided by 53?
52
Calculate the remainder when 20200 is divided by 402.
100
What is the remainder when 3486 is divided by 106?
94
Calculate the remainder when 8986 is divided by 333.
328
What is the remainder when 1344 is divided by 169?
161
What is the remainder when 11139 is divided by 131?
4
What is the remainder when 20941 is divided by 582?
571
Calculate the remainder when 2569544 is divided by 145.
144
What is the remainder when 141121 is divided by 184?
177
Calculate the remainder when 44524 is divided by 181.
179
Calculate the remainder when 3814 is divided by 41.
1
Calculate the remainder when 3128 is divided by 109.
76
Calculate the remainder when 169872 is divided by 167.
33
Calculate the remainder when 1695821 is divided by 5560.
21
What is the remainder when 70509 is divided by 45?
39
What is the remainder when 1698 is divided by 498?
204
Calculate the remainder when 1483932 is divided by 15.
12
What is the remainder when 24883 is divided by 315?
313
Calculate the remainder when 662218 is divided by 156.
154
Calculate the remainder when 1326 is divided by 109.
18
Calculate the remainder when 1647 is divided by 885.
762
Calculate the remainder when 2830704 is divided by 179.
177
Calculate the remainder when 306429 is divided by 48.
45
What is the remainder when 10709 is divided by 251?
167
What is the remainder when 37364 is divided by 18682?
0
What is the remainder when 18213 is divided by 4546?
29
What is the remainder when 40720 is divided by 755?
705
Calculate the remainder when 21703 is divided by 20.
3
What is the remainder when 54820 is divided by 13705?
0
What is the remainder when 2206 is divided by 55?
6
Calculate the remainder when 101126 is divided by 15.
11
Calculate the remainder when 859 is divided by 161.
54
Calculate the remainder when 145915 is divided by 48539.
298
What is the remainder when 926608 is divided by 201?
199
Calculate the remainder when 2201 is divided by 60.
41
Calculate the remainder when 199756 is divided by 176.
172
What is the remainder when 11051 is divided by 34?
1
Calculate the remainder when 216919 is divided by 85.
84
What is the remainder when 1725151 is divided by 572?
571
What is the remainder when 10054 is divided by 55?
44
What is the remainder when 112220 is divided by 3400?
20
What is the remainder when 3705 is divided by 609?
51
Calculate the remainder when 6766 is divided by 484.
474
Calculate the remainder when 150907 is divided by 11.
9
Calculate the remainder when 2885 is divided by 117.
77
What is the remainder when 23333 is divided by 33?
2
Calculate the remainder when 250 is d